439
In base 5, what is -101 - 1221043?
-1221144
In base 8, what is 75664 - 1?
75663
In base 10, what is 4 + -15166?
-15162
In base 13, what is -1 - 31452?
-31453
In base 12, what is -5 + -3207?
-3210
In base 2, what is 11001001100100 - -101?
11001001101001
In base 4, what is 10 - 3210330?
-3210320
In base 3, what is 102 + -21012112001?
-21012111122
In base 9, what is -1448 - -35?
-1413
In base 3, what is -1001222002 - -20?
-1001221212
In base 7, what is 201612 - -101?
202013
In base 2, what is -100 - 1100110110001011111?
-1100110110001100011
In base 16, what is 18f26 - -d?
18f33
In base 4, what is -11010 + 3?
-11001
In base 14, what is 14 - 531b?
-5307
In base 5, what is 311413 - 11?
311402
In base 11, what is 118 + -24099?
-23a81
In base 15, what is 74 + 767?
7db
In base 14, what is 3 - 2c206?
-2c203
In base 8, what is -13445 - 1?
-13446
In base 13, what is -20 - -7?
-16
In base 3, what is -201002101 - 10?
-201002111
In base 14, what is 34750 + 4?
34754
In base 14, what is 0 + 26199?
26199
In base 9, what is 2 + -48658?
-48656
In base 13, what is 11027 + -97?
10c60
In base 4, what is 20120232 + 1?
20120233
In base 9, what is 22442 - 67?
22364
In base 12, what is 7a16a5 + 5?
7a16aa
In base 14, what is -1 + 6d800?
6d7dd
In base 4, what is -2 + 1023202130?
1023202122
In base 15, what is -2 - 4522?
-4524
In base 12, what is 0 - 69250?
-69250
In base 8, what is -2 - -620424?
620422
In base 3, what is 1020 - -11112?
12202
In base 8, what is 13630 - 11?
13617
In base 15, what is 4be - 4e?
470
In base 16, what is 3 - 19aafd?
-19aafa
In base 7, what is -2432 - -226?
-2203
In base 4, what is -13312212 - 1023?
-13313301
In base 11, what is -2487 + -8?
-2494
In base 12, what is -1ab + -3738?
-3927
In base 5, what is 3 - -20432433?
20432441
In base 10, what is 8 - 22769?
-22761
In base 16, what is -8 + -11359?
-11361
In base 10, what is -22 - -1451?
1429
In base 8, what is 207445 + -1?
207444
In base 2, what is 1001 - -1101101?
1110110
In base 12, what is -2 - -6b7?
6b5
In base 12, what is 384706 + -3?
384703
In base 8, what is 573552 + 10?
573562
In base 10, what is 19818 - -3?
19821
In base 15, what is -1c7 - 9?
-1d1
In base 11, what is -98181 - -3?
-98179
In base 14, what is -1c39 - 27?
-1c62
In base 12, what is -2699a0 + b?
-269991
In base 10, what is -3438 - 11?
-3449
In base 13, what is 194054 - 2?
194052
In base 15, what is 24e4 - -37d?
2872
In base 8, what is 577 - -2601?
3400
In base 2, what is -1010 + -1011000010010?
-1011000011100
In base 7, what is -1 + -236300?
-236301
In base 5, what is -3 + 1310422?
1310414
In base 3, what is -12 + -12112010?
-12112022
In base 2, what is 11 - -100100111000001001?
100100111000001100
In base 13, what is 28 - -302?
32a
In base 7, what is 254 + -23106?
-22522
In base 13, what is 3 - 129451?
-12944b
In base 15, what is -b51 + 13b?
-a15
In base 7, what is -6 + 4621424?
4621415
In base 11, what is 0 + -14538?
-14538
In base 3, what is -1001200 - 0?
-1001200
In base 2, what is -11111 - -100111111000010?
100111110100011
In base 10, what is 3053 - -243?
3296
In base 10, what is 151 + -3328?
-3177
In base 16, what is f6 + 3f?
135
In base 16, what is -3e5 - -1a?
-3cb
In base 5, what is 1333204 - -20?
1333224
In base 14, what is 19aa + 16a?
1b36
In base 9, what is -5 + -104257?
-104263
In base 7, what is -1 - 1401520?
-1401521
In base 15, what is 11 - -39d?
3ae
In base 7, what is -1514 - 1416?
-3233
In base 8, what is 13345 - 113?
13232
In base 2, what is -111 - 100001111000001?
-100001111001000
In base 11, what is 71a + -140?
58a
In base 13, what is -5549b + 5?
-55496
In base 3, what is -2 - 122012020120?
-122012020122
In base 8, what is 6056 - 5?
6051
In base 14, what is 130 + -37?
d7
In base 5, what is 3123142 - 10?
3123132
In base 9, what is 3233821 - 3?
3233817
In base 8, what is 215720 - -21?
215741
In base 5, what is 110 + 123102?
123212
In base 14, what is -2b + 217?
1ca
In base 16, what is -1a + 10b?
f1
In base 16, what is 5e - -144?
1a2
In base 15, what is 3c - 1a45?
-1a08
In base 14, what is 3 - -269639?
26963c
In base 3, what is -1110121010 + -12?
-1110121022
In base 12, what is 91 - -218?
2a9
In base 12, what is -2b + -3606?
-3635
In base 13, what is 1 - -2b7?
2b8
In base 7, what is 21 + -440025?
-440004
In base 5, what is -32 + 232230?
232143
In base 8, what is 5 - -2656?
2663
In base 5, what is -41342 - 1421?
-43313
In base 14, what is -34b - 45?
-392
In base 5, what is 221421 + 4?
221430
In base 4, what is 1022303122 + -3?
1022303113
In base 9, what is 3578 + -8?
3570
In base 14, what is 2 - -8473?
8475
In base 4, what is -1021203331 - -1?
-1021203330
In base 16, what is 15f - -ae?
20d
In base 14, what is -132b + 18?
-1313
In base 15, what is 10b9a + -d?
10b8c
In base 14, what is -7c6 - -d1?
-6d5
In base 8, what is -63062 - 11?
-63073
In base 14, what is d63 - -14?
d77
In base 7, what is 2 - 552131?
-552126
In base 5, what is 132 + 2422201?
2422333
In base 11, what is -8404 + 27?
-8388
In base 5, what is -10 - 221134?
-221144
In base 8, what is 72 - 43311?
-43217
In base 6, what is 3025230 - 2?
3025224
In base 4, what is -21203112 + 10?
-21203102
In base 5, what is 0 - -1223200?
1223200
In base 10, what is 110203 + 3?
110206
In base 3, what is -201021121012 + 0?
-201021121012
In base 16, what is -4 - -4ac?
4a8
In base 14, what is 4 - -6271?
6275
In base 16, what is -5 + -99a7?
-99ac
In base 8, what is 511 - -76?
607
In base 16, what is acd - -3?
ad0
In base 16, what is -260 - 22?
-282
In base 6, what is 14005 - 502?
13103
In base 16, what is 2 - -f991?
f993
In base 14, what is 38143d + -1?
38143c
In base 4, what is -21 + -13000330?
-13001011
In base 16, what is -b + 1a6?
19b
In base 9, what is -2 + 407030?
407027
In base 3, what is 0 - -111221122?
111221122
In base 12, what is -93 - -603?
530
In base 6, what is -35 + 15451?
15412
In base 10, what is 5 - -4493?
4498
In base 4, what is 3 - 1033022222?
-1033022213
In base 16, what is 6 - 2772?
-276c
In base 12, what is -b0b1 - 3?
-b0b4
In base 9, what is -114 + 5535?
5421
In base 4, what is 32 - 202131?
-202033
In base 6, what is 1053 - 3450?
-2353
In base 16, what is -44 - -18c?
148
In base 10, what is 148 + -11208?
-11060
In base 14, what is 559d + b9?
5678
In base 2, what is 1001101 + -100000111?
-10111010
In base 9, what is 5 + 207537?
207543
In base 5, what is -2230 + -2010?
-4240
In base 11, what is -1989109 + 1?
-1989108
In base 9, what is -15066 - 20?
-15086
In base 3, what is -21012002111 - -11?
-21012002100
In base 15, what is -3 + -377?
-37a
In base 3, what is -1 - -11222002?
11222001
In base 9, what is 5 + 377772?
377777
In base 12, what is 1628 + 142?
176a
In base 13, what is 214 - -13?
227
In base 10, what is -2341 - -11?
-2330
In base 11, what is 4a - 73?
-24
In base 9, what is 16317 + -3?
16314
In base 2, what is -10110101 - -11010001101110?
11001110111001
In base 16, what is 14cac + -1?
14cab
In base 14, what is -83d6 + -9?
-8401
In base 16, what is 1bd0 + -6?
1bca
In base 13, what is -96a + -8c?
-a29
In base 13, what is 336 - 8?
32b
In base 14, what is 142 - -4a?
18c
In base 12, what is 11 - 6339?
-6328
In base 8, what is -30502 - 33?
-30535
In base 4, what is -1210 - 1223021?
-1230231
In base 2, what is -1010001111 - -1000100001?
-1101110
In base 6, what is 24324502 + -1?
24324501
In base 9, what is 15 - -831?
846
In base 6, what is 3351543 + 4?
3351551
In base 14, what is cc + 8?
d6
In base 9, what is 133 - -661?
804
In base 16, what is 32 + 25f?
291
In base 4, what is -2120130 - 20?
-2120210
In base 3, what is 2120001 + 10110?
2200111
In base 9, what is 1720110 + -6?
1720103
In base 10, what is -228 - 541?
-769
In base 14, what is 7cb8 + 3?
7cbb
In base 10, what is -171 + 605?
434
In base 8, what is -471270 + 0?
-471270
In base 2, what is 10000 - -100001011001?
100001101001
In base 12, what is 36 + 9154?
918a
In base 15, what is -6d39 - -3?
-6d36
In base 4, what is 1103 - 2012103?
-2011000
In base 13, what is -3141 - -1b?
-3123
In base 12, what is 74 + 24940?
249b4
In base 4, what is 1 + 130031103?
130031110
In base 4, what is 12 - 20000222?
-20000210
In base 12, what is 513818 + 3?
51381b
In base 14, what is 1327 + 72b?
1a54
In base 8, what is 30 + -5463?
-5433
In base 10, what is 316 - 2169?
-1853
In base 14, what is 20626 - -5?
